s -8194a1a (base 11) in base 7?
-234003010
Convert -54520 (base 16) to base 4.
-1110110200
What is -414db (base 16) in base 15?
-543c3
What is -38717 (base 11) in base 9?
-84035
What is 53056 (base 11) in base 7?
441150
1a2930 (base 11) to base 2
1001011111111001101
Convert -1003000200 (base 4) to base 3.
-111221111100
-2177764 (base 10) to base 3
-11002122022221
Convert 145331 (base 10) to base 8.
433663
55929 (base 10) to base 12
28449
What is 11001000101111101010 (base 2) in base 3?
1112202220201
14929145 (base 10) to base 2
111000111100110011111001
What is -504550 (base 8) in base 6?
-3321400
1422457 (base 8) to base 12
175093
4022056 (base 7) to base 15
9611a
-2444a (base 12) to base 7
-262624
What is -133500 (base 7) in base 3?
-1021200110
Convert -2423004420 (base 5) to base 4.
-111220320211
-118a451 (base 11) to base 2
-111110111110011100110
What is -4253022 (base 6) in base 4?
-303012212
-30451 (base 12) to base 4
-33111331
-166525353 (base 7) to base 10
-11502690
122112002212 (base 3) to base 16
5433e
What is -6b28b2 (base 12) in base 15?
-241555
2254993 (base 10) to base 9
4216237
55511530 (base 6) to base 9
3130610
956089 (base 10) to base 13
276244
Convert -7187655 (base 10) to base 15.
-96ea20
1132014114 (base 5) to base 3
11220121222110
-45a249 (base 12) to base 13
-30133b
-3ee8ec (base 16) to base 3
-21202110111112
Convert 1549772 (base 10) to base 12.
628a38
3422414410 (base 5) to base 16
7451c1
Convert -170d60 (base 15) to base 10.
-1116765
What is -4606 (base 13) in base 12?
-5814
-159196 (base 10) to base 16
-26ddc
-343124035 (base 6) to base 11
-361a726
Convert -2b171 (base 14) to base 13.
-39ac9
-10100101000011000001 (base 2) to base 15
-d548d
11113123 (base 6) to base 9
562356
Convert 9000 (base 11) to base 12.
6b23
What is -100001022012211 (base 3) in base 5?
-2212334031
Convert 311333123 (base 4) to base 13.
79874
30022123012 (base 4) to base 12
109919a
What is 141255160 (base 7) in base 14?
1321767
Convert -7264801 (base 11) to base 16.
-c39310
What is -20430331 (base 5) in base 12?
-82964
31350 (base 11) to base 16
b268
Convert -106a350 (base 11) to base 12.
-763ba7
What is -32675 (base 9) in base 10?
-21695
What is -1113070 (base 8) in base 6?
-10235400
What is -1331030421 (base 5) in base 9?
-6316316
-20112201000101 (base 3) to base 7
-41364100
-c724e (base 15) to base 12
-265655
What is -419634 (base 10) in base 15?
-84509
Convert f8b30 (base 16) to base 8.
3705460
112220001 (base 3) to base 2
10101001100111
What is 12b6390 (base 12) in base 3?
21000010112000
-5130453 (base 6) to base 9
-413216
-2120022221000 (base 3) to base 8
-5151232
133010123201 (base 4) to base 13
18c21c5
What is -134a9 (base 11) in base 8?
-45445
ba566b (base 13) to base 9
8217771
Convert -120340 (base 5) to base 9.
-6116
Convert c47ba5 (base 15) to base 12.
316599b
What is -664223 (base 8) in base 11?
-142912
174505 (base 10) to base 7
1324522
1939884 (base 12) to base 9
10874341
What is -530266 (base 7) in base 2?
-10110010011111000
Convert -15b09a5 (base 12) to base 4.
-101000302031
Convert -33452331 (base 6) to base 4.
-3320200333
Convert -233021332 (base 4) to base 10.
-193150
-727e4 (base 15) to base 2
-1011000100110100010
What is 1a5865 (base 11) in base 3?
121000022102
What is -154013041 (base 6) in base 11?
-1932239
-504c (base 15) to base 4
-10020303
Convert 306978 (base 13) to base 8.
4234351
What is -659933 (base 13) in base 7?
-26221316
What is 10113250 (base 6) in base 2?
1000110101111011110
Convert 211213132 (base 4) to base 3.
21211100121
5500403 (base 6) to base 3
111211112110
14763435 (base 8) to base 7
40624625
20f05 (base 16) to base 9
225057
What is 470497 (base 12) in base 10?
1141171
What is 3132110013 (base 4) in base 12?
37ab73
Convert 26010 (base 8) to base 5.
330042
What is 252999 (base 12) in base 14?
11accd
Convert -7003550 (base 9) to base 4.
-32030313210
Convert 37105 (base 13) to base 4.
120231310
What is 25143054 (base 6) in base 15?
10e0b4
Convert -153237 (base 8) to base 15.
-1142d
Convert -171847 (base 14) to base 2.
-11000110000001100111
What is 11034321443 (base 5) in base 3?
211122000020212
185826 (base 10) to base 9
312813
Convert 1807480 (base 9) to base 15.
14e0dc
260158 (base 10) to base 12
10667a
Convert 271371 (base 8) to base 4.
113023321
-201021011222 (base 3) to base 11
-239a00
Convert 101888 (base 12) to base 3.
110210102112
Convert -31341043 (base 5) to base 2.
-111111111110000111
What is 11624461 (base 7) in base 12?
4268a7
-249a8 (base 16) to base 11
-a2709
375253 (base 9) to base 12
ab3a9
-580095 (base 13) to base 16
-1fd0d3
What is 2010102012100 (base 3) in base 12?
465ba6
Convert 1b290 (base 14) to base 10.
69118
What is 200211040 (base 5) in base 13?
217a42
Convert -114a147 (base 14) to base 3.
-120112002010021
What is 3130111110 (base 4) in base 15?
12c609
What is -40643555 (base 7) in base 11?
-1a16a22
What is 8573 (base 14) in base 10?
23033
What is 111110100111001001100 (base 2) in base 10?
2051660
b23b7 (base 14) to base 16
68b0d
Convert -1614255 (base 7) to base 3.
-102022002010
Convert 210002212220 (base 3) to base 9.
702786
4c349 (base 13) to base 12
69848
Convert 11761 (base 12) to base 13.
a942
17804bb (base 13) to base 7
122032206
What is 100014321 (base 5) in base 2?
1011111101010011100
Convert 2221122111011 (base 3) to base 14.
2cb46d
What is -58598 (base 11) in base 6?
-1451301
-a47d (base 14) to base 11
-1a31a
-2032233131 (base 4) to base 15
-b837e
What is -23072423 (base 9) in base 5?
-10332123431
Convert -1364524 (base 9) to base 4.
-2313123001
Convert 2b78b (base 16) to base 12.
87063
214246 (base 11) to base 3
122101121222
Convert 4a52a8 (base 11) to base 9.
1445124
Convert 4c2115 (base 15) to base 14.
6b0c8b
What is 52112 (base 13) in base 12?
7135b
-17cd7 (base 16) to base 6
-2031211
What is -315273 (base 9) in base 3?
-100112022110
What is -2221201122 (base 3) in base 15?
-1234b
Convert 648961 (base 10) to base 5.
131231321
65d72 (base 15) to base 2
1001111000001001001
What is 344044 (base 7) in base 12?
2b671
What is 20121202011 (base 3) in base 13?
47407
Convert 807592 (base 11) to base 9.
2388101
Convert 45015141 (base 6) to base 5.
321333321
22151304 (base 6) to base 3
1020221000011
What is 21102221020 (base 3) in base 16?
23c31
Convert -24ba01 (base 12) to base 8.
-2225741
1bac92 (base 13) to base 8
2551715
What is -4505954 (base 10) in base 4?
-101030011202
Convert 4de282 (base 16) to base 9.
10538647
Convert -3405531 (base 8) to base 2.
-11100000101101011001
Convert -111101202110 (base 3) to base 8.
-1003051
What is 1500367 (base 9) in base 11?
51536a
What is -18874b5 (base 13) in base 9?
-16116302
What is -55aab (base 12) in base 6?
-2235135
1842288 (base 9) to base 12
419115
10675462 (base 8) to base 10
2325298
What is 585aa1 (base 12) in base 2?
101011010101111011001
What is 1355231 (base 7) in base 6?
3522102
Convert -4660040 (base 7) to base 10.
-585872
-667851 (base 10) to base 11
-416848
Convert 38738b (base 15) to base 5.
1143120211
What is -64455 (base 8) in base 2?
-110100100101101
1111000001011001000 (base 2) to base 4
1320023020
-1120200110100 (base 3) to base 6
-30001313
What is 2ad72 (base 14) in base 16?
1a1a8
-16aa8a5 (base 11) to base 10
-2898670
537950 (base 10) to base 15
a95d5
What is 1021001101 (base 4) in base 5?
34032324
What is 511eb (base 16) in base 5?
41113032
What is 83519 (base 10) in base 7?
465332
Convert -2310111221 (base 4) to base 8.
-2642551
1bcd34 (base 15) to base 4
11023331230
-2511230 (base 6) to base 14
-36a8a
244123501 (base 6) to base 7
54515656
Convert 9b178 (base 16) to base 4.
2123011320
39938 (base 11) to base 16
dec8
Convert -45796 (base 13) to base 14.
-34183
-1221122221000 (base 3) to base 6
-34115000
What is 6e47 (base 15) in base 5?
1222332
101131120 (base 4) to base 11
49801
Convert -73a65b (base 16) to base 4.
-130322121123
What is -1120201111111 (base 3) in base 8?
-3152305
15ddb3 (base 14) to base 6
24244505
Convert -5893640 (base 11) to base 3.
-201100102021102
9aab98 (base 13) to base 11
2074224
What is -191139 (base 10) in base 12?
-92743
12ab098 (base 12) to base 2
1110001001110010110100
Convert -3312303222 (base 4) to base 12.
-409036
What is 210121210 (base 4) in base 9?
246457
Convert 5223121